{"version":"1.0","provider_name":"Hof-H\u00f6herhaus","provider_url":"https:\/\/hof-hoeherhaus.de","author_name":"Christian Feldmann","author_url":"https:\/\/hof-hoeherhaus.de\/index.php\/author\/christian-feldmann\/","title":"Jahresr\u00fcckblick 2013","type":"rich","width":600,"height":338,"html":"<blockquote class=\"wp-embedded-content\" data-secret=\"mrHb4lOC4j\"><a href=\"https:\/\/hof-hoeherhaus.de\/index.php\/2013-der-jahresrueckblick\/\">2013-der Jahresr\u00fcckblick<\/a><\/blockquote><iframe sandbox=\"allow-scripts\" security=\"restricted\" src=\"https:\/\/hof-hoeherhaus.de\/index.php\/2013-der-jahresrueckblick\/embed\/#?secret=mrHb4lOC4j\" width=\"600\" height=\"338\" title=\"&#8222;2013-der Jahresr\u00fcckblick&#8220; &#8211; Hof-H\u00f6herhaus\" data-secret=\"mrHb4lOC4j\" frameborder=\"0\" marginwidth=\"0\" marginheight=\"0\" scrolling=\"no\" class=\"wp-embedded-content\"><\/iframe><script type=\"text\/javascript\">\n\/* <![CDATA[ *\/\n\/*! This file is auto-generated *\/\n!function(d,l){\"use strict\";l.querySelector&&d.addEventListener&&\"undefined\"!=typeof URL&&(d.wp=d.wp||{},d.wp.receiveEmbedMessage||(d.wp.receiveEmbedMessage=function(e){var t=e.data;if((t||t.secret||t.message||t.value)&&!\/[^a-zA-Z0-9]\/.test(t.secret)){for(var s,r,n,a=l.querySelectorAll('iframe[data-secret=\"'+t.secret+'\"]'),o=l.querySelectorAll('blockquote[data-secret=\"'+t.secret+'\"]'),c=new RegExp(\"^https?:$\",\"i\"),i=0;i<o.length;i++)o[i].style.display=\"none\";for(i=0;i<a.length;i++)s=a[i],e.source===s.contentWindow&&(s.removeAttribute(\"style\"),\"height\"===t.message?(1e3<(r=parseInt(t.value,10))?r=1e3:~~r<200&&(r=200),s.height=r):\"link\"===t.message&&(r=new URL(s.getAttribute(\"src\")),n=new URL(t.value),c.test(n.protocol))&&n.host===r.host&&l.activeElement===s&&(d.top.location.href=t.value))}},d.addEventListener(\"message\",d.wp.receiveEmbedMessage,!1),l.addEventListener(\"DOMContentLoaded\",function(){for(var e,t,s=l.querySelectorAll(\"iframe.wp-embedded-content\"),r=0;r<s.length;r++)(t=(e=s[r]).getAttribute(\"data-secret\"))||(t=Math.random().toString(36).substring(2,12),e.src+=\"#?secret=\"+t,e.setAttribute(\"data-secret\",t)),e.contentWindow.postMessage({message:\"ready\",secret:t},\"*\")},!1)))}(window,document);\n\/\/# sourceURL=https:\/\/hof-hoeherhaus.de\/wp-includes\/js\/wp-embed.min.js\n\/* ]]> *\/\n<\/script>\n","thumbnail_url":"https:\/\/hof-hoeherhaus.de\/wp-content\/uploads\/2014\/01\/Coronas.jpg","thumbnail_width":300,"thumbnail_height":256,"description":"Es ist soweit: Ein neues Jahr hat begonnen. Ein perfekter Zeitpunkt, einmal einen Blick in den R\u00fcckspiegel zu werfen und das alte Jahr einmal zu reflektieren. 2013, ein Jahr, auf das man gern zur\u00fcckblickt. Ein Jahr, das bei der Reitgemeinschaft Hof-H\u00f6herhaus in positiver Erinnerung bleibt. Erfolge im Turniersport, neue Vereinszug\u00e4nge, kontinuierliche Fortschritte in der Ausbildung, Aktivit\u00e4ten in der Vereinsarbeit, all das haben wir versucht, in einer chronologischen Reihenfolge aufzuarbeiten. Wie immer standen die ersten Monate im Jahr im Zeichen der Ausbildung. Im Jahre 2013 hat sich unser stalleigener Reitverein nach Au\u00dfen ge\u00f6ffnet und das zeigte sich auch in den Aus- und Fortbildungen. So konnten wir neben den stallans\u00e4ssigen Teilnehmern einige externe Reiter in vielen Dressurlehrg\u00e4ngen, aber auch Sitzschulungen, von Rolf Grebe begr\u00fc\u00dfen. Rolf Grebe wurde im Laufe des Jahres zu einem festen Bestandteil der Ausbildung bei uns und wurde direkt von Beginn an intensiv in Anspruch genommen. Aber auch Christine Friedrich, Egbert Helm und Claudia Seekatz-Fernholz haben intensiv mit unseren Reitern an der Leistungsschraube gedreht..."}

Hof-Höherhaus

Jahresrückblick 2013

<blockquote class="wp-embedded-content" data-secret="mrHb4lOC4j"><a href="https://hof-hoeherhaus.de/index.php/2013-der-jahresrueckblick/">2013-der Jahresrückblick</a></blockquote><iframe sandbox="allow-scripts" security="restricted" src="https://hof-hoeherhaus.de/index.php/2013-der-jahresrueckblick/embed/#?secret=mrHb4lOC4j" width="600" height="338" title="&#8222;2013-der Jahresrückblick&#8220; &#8211; Hof-Höherhaus" data-secret="mrHb4lOC4j" frameborder="0" marginwidth="0" marginheight="0" scrolling="no" class="wp-embedded-content"></iframe><script type="text/javascript">
/* <![CDATA[ */
/*! This file is auto-generated */
!function(d,l){"use strict";l.querySelector&&d.addEventListener&&"undefined"!=typeof URL&&(d.wp=d.wp||{},d.wp.receiveEmbedMessage||(d.wp.receiveEmbedMessage=function(e){var t=e.data;if((t||t.secret||t.message||t.value)&&!/[^a-zA-Z0-9]/.test(t.secret)){for(var s,r,n,a=l.querySelectorAll('iframe[data-secret="'+t.secret+'"]'),o=l.querySelectorAll('blockquote[data-secret="'+t.secret+'"]'),c=new RegExp("^https?:$","i"),i=0;i<o.length;i++)o[i].style.display="none";for(i=0;i<a.length;i++)s=a[i],e.source===s.contentWindow&&(s.removeAttribute("style"),"height"===t.message?(1e3<(r=parseInt(t.value,10))?r=1e3:~~r<200&&(r=200),s.height=r):"link"===t.message&&(r=new URL(s.getAttribute("src")),n=new URL(t.value),c.test(n.protocol))&&n.host===r.host&&l.activeElement===s&&(d.top.location.href=t.value))}},d.addEventListener("message",d.wp.receiveEmbedMessage,!1),l.addEventListener("DOMContentLoaded",function(){for(var e,t,s=l.querySelectorAll("iframe.wp-embedded-content"),r=0;r<s.length;r++)(t=(e=s[r]).getAttribute("data-secret"))||(t=Math.random().toString(36).substring(2,12),e.src+="#?secret="+t,e.setAttribute("data-secret",t)),e.contentWindow.postMessage({message:"ready",secret:t},"*")},!1)))}(window,document);
//# sourceURL=https://hof-hoeherhaus.de/wp-includes/js/wp-embed.min.js
/* ]]> */
</script>

Es ist soweit: Ein neues Jahr hat begonnen. Ein perfekter Zeitpunkt, einmal einen Blick in den Rückspiegel zu werfen und das alte Jahr einmal zu reflektieren. 2013, ein Jahr, auf das man gern zurückblickt. Ein Jahr, das bei der Reitgemeinschaft Hof-Höherhaus in positiver Erinnerung bleibt. Erfolge im Turniersport, neue Vereinszugänge, kontinuierliche Fortschritte in der Ausbildung, Aktivitäten in der Vereinsarbeit, all das haben wir versucht, in einer chronologischen Reihenfolge aufzuarbeiten. Wie immer standen die ersten Monate im Jahr im Zeichen der Ausbildung. Im Jahre 2013 hat sich unser stalleigener Reitverein nach Außen geöffnet und das zeigte sich auch in den Aus- und Fortbildungen. So konnten wir neben den stallansässigen Teilnehmern einige externe Reiter in vielen Dressurlehrgängen, aber auch Sitzschulungen, von Rolf Grebe begrüßen. Rolf Grebe wurde im Laufe des Jahres zu einem festen Bestandteil der Ausbildung bei uns und wurde direkt von Beginn an intensiv in Anspruch genommen. Aber auch Christine Friedrich, Egbert Helm und Claudia Seekatz-Fernholz haben intensiv mit unseren Reitern an der Leistungsschraube gedreht...
